2008
-4890a (base 16) to base 14
-7a466
What is 1001101100010010010 (base 2) in base 12?
133956
What is -430413034 (base 5) in base 12?
-733822
What is -2090c (base 14) in base 3?
-10222211102
What is -a2961 (base 12) in base 5?
-23242220
What is -1010001101000 (base 2) in base 15?
-1834
What is 255113 (base 7) in base 2?
1011100100100001
What is 1655a (base 11) in base 10?
23297
-182147 (base 9) to base 2
-11011100111011111
Convert 22023300 (base 5) to base 16.
2e310
-115b2a (base 12) to base 11
-181268
1fffe3 (base 16) to base 5
1014101443
Convert 1141664 (base 7) to base 16.
23567
-bd02 (base 14) to base 3
-1122220101
Convert 32232322110 (base 4) to base 16.
3aee94
Convert 38754 (base 10) to base 16.
9762
What is -1100000011010010111010 (base 2) in base 13?
-867c85
What is -450328 (base 9) in base 3?
-111200100222
What is 122798 (base 10) in base 16?
1dfae
What is -10001001000110111 (base 2) in base 13?
-25c4c
What is -446136 (base 7) in base 3?
-11000022200
64a32c (base 15) to base 4
102102032001
What is -10000001010011000011001 (base 2) in base 8?
-20123031
Convert 178533 (base 9) to base 11.
76640
-115622 (base 9) to base 7
-410246
What is 47638 (base 14) in base 3?
22211211002
34532 (base 11) to base 16
c2df
What is 22211110112 (base 3) in base 13?
61184
What is b15a90 (base 14) in base 10?
5970286
What is -8872851 (base 9) in base 13?
-cb108b
What is -23b7b87 (base 12) in base 2?
-11010100011010011010111
Convert -6721761 (base 11) to base 6.
-1100355122
Convert 1831711 (base 11) to base 13.
849a25
Convert 30467d (base 14) to base 15.
221a75
What is 3291476 (base 11) in base 6?
323403020
What is 246648 (base 10) in base 14?
65c5a
Convert -3206511 (base 7) to base 8.
-1367410
Convert 106414 (base 11) to base 6.
3344520
Convert -10112221202 (base 3) to base 2.
-10001000100111110
8a38a (base 15) to base 6
13230551
Convert 2b3552 (base 13) to base 4.
10003311010
7d107c (base 14) to base 12
151941a
What is 2412423002 (base 5) in base 14?
a57dc8
-32635212 (base 8) to base 7
-113505603
What is -2313d (base 15) in base 16?
-1b42a
Convert 2d9c11 (base 15) to base 14.
41754a
What is 3626d (base 14) in base 10?
132201
Convert -4307503 (base 11) to base 8.
-34723272
What is 187082 (base 9) in base 6?
2300202
What is -3214124333 (base 5) in base 10?
-6786218
-116490 (base 15) to base 12
-341099
What is -66661 (base 7) in base 5?
-1014201
Convert -90041 (base 10) to base 11.
-61716
1011001111100101 (base 2) to base 12
22799
Convert 101000101101110000101 (base 2) to base 14.
26a2c5
Convert -6565321 (base 7) to base 14.
-16db48
-42462 (base 8) to base 12
-a302
Convert 454214343 (base 6) to base 5.
4112310430
112110210112 (base 3) to base 6
10034535
Convert 164c65 (base 14) to base 12.
318489
What is 10200020210000 (base 3) in base 11?
1114812
1266187 (base 12) to base 13
99913c
-3501606 (base 7) to base 6
-13214013
What is 10403241 (base 6) in base 15?
625aa
Convert -13036650 (base 7) to base 9.
-2206886
What is 9a034 (base 12) in base 9?
340674
Convert 100021011220102 (base 3) to base 9.
10234812
Convert -a8804 (base 11) to base 6.
-3215342
59768 (base 14) to base 15
449e5
Convert -103000300 (base 4) to base 10.
-77872
What is 1001011011110010000 (base 2) in base 12?
12aa94
What is -2a6db (base 15) in base 3?
-20221022122
Convert 440020140 (base 6) to base 14.
1081656
-24637 (base 8) to base 16
-299f
Convert 110000100110000101010110 (base 2) to base 14.
1998658
Convert 1a4821a (base 14) to base 15.
1236a3d
Convert -27b58 (base 12) to base 6.
-1103352
11010001100000010101 (base 2) to base 9
1547121
What is -25bcc3 (base 14) in base 10?
-1300435
Convert 5126011 (base 8) to base 12.
554009
-5514423 (base 6) to base 3
-111221111220
-32703 (base 13) to base 7
-530034
What is -19aa50 (base 13) in base 8?
-2371443
Convert 38702 (base 13) to base 15.
20e2e
What is 5122450 (base 6) in base 4?
323220132
Convert 4240044 (base 5) to base 8.
213152
What is 21ac5a (base 13) in base 14?
169b36
What is -3042 (base 13) in base 12?
-3a19
-56820 (base 9) to base 10
-37845
115024201 (base 6) to base 15
2d5b91
Convert 389024 (base 10) to base 9.
652568
232863 (base 13) to base 7
10042524
Convert -325024101 (base 6) to base 14.
-abc8cd
What is 1123302311 (base 4) in base 16?
5bcb5
Convert 1855c3 (base 16) to base 13.
43aba5
Convert -9b92 (base 14) to base 9.
-41007
Convert -3819599 (base 10) to base 2.
-1110100100100001001111
140257 (base 8) to base 4
30002233
1100001001011101111100 (base 2) to base 8
14113574
What is -7b295 (base 14) in base 2?
-1001001001001100011
Convert -2202221221021 (base 3) to base 2.
-101101000001101111001
What is 222530413 (base 6) in base 3?
21122000212200
What is 4151525 (base 6) in base 4?
301021031
Convert -4216206 (base 7) to base 15.
-a0b33
Convert -86a829 (base 13) to base 14.
-5c5643
Convert -21222322110 (base 4) to base 13.
-6a9b48
What is -415241115 (base 6) in base 3?
-111122110210202
What is -64cc5 (base 14) in base 4?
-323210131
20314450 (base 6) to base 7
4656045
-1460523 (base 8) to base 7
-3361020
Convert -1332560 (base 8) to base 10.
-374128
Convert 20021211200 (base 3) to base 13.
44481
-289296 (base 16) to base 5
-1140041331
-14400133 (base 5) to base 14
-3db68
-102110010201100 (base 3) to base 5
-3024203011
-16713 (base 12) to base 13
-11814
27174 (base 8) to base 12
6a78
-11100001010101100111001 (base 2) to base 9
-14803674
Convert 410131443 (base 5) to base 9.
3077637
Convert 4516231 (base 7) to base 8.
2104152
11004411 (base 8) to base 11
1373348
What is -ad77ab (base 15) in base 9?
-16515208
20423004 (base 6) to base 4
2101010230
What is 7a9890 (base 15) in base 10?
5854185
What is 243343503 (base 6) in base 4?
101232311133
Convert 406817 (base 10) to base 12.
177515
Convert -2050035 (base 6) to base 5.
-11143230
Convert -14858b2 (base 12) to base 16.
-3f6ec6
Convert 11022011200012 (base 3) to base 10.
2286635
What is 101001100110001001100 (base 2) in base 7?
14404551
Convert 13347406 (base 8) to base 15.
3e47b3
Convert -1416233 (base 8) to base 2.
-1100001110010011011
-10303100 (base 6) to base 5
-34211243
What is 1001110000100001 (base 2) in base 15?
bc99
-f2b65d (base 16) to base 4
-330223121131
149445 (base 10) to base 11
a230a
What is -397922 (base 10) in base 9?
-665755
Convert 34a014 (base 11) to base 13.
165837
Convert -1115442 (base 7) to base 16.
-21e2e
What is 12121200120 (base 3) in base 2?
11010111111110100
What is -1330 (base 4) in base 8?
-174
Convert 4a14a (base 14) to base 3.
100012210021
-171760a (base 12) to base 15
-640c44
-2563200 (base 10) to base 6
-130534400
Convert -3dc1b (base 14) to base 11.
-a51a1
Convert 1731040 (base 8) to base 12.
203a54
16353a8 (base 11) to base 10
2788926
Convert -101358 (base 9) to base 16.
-eaaa
100322331020 (base 4) to base 6
235024012
Convert 1500174 (base 10) to base 6.
52053130
What is -13b215 (base 13) in base 5?
-110401444
Convert -a919b (base 15) to base 16.
-831a4
What is 102877 (base 9) in base 16?
ef29
What is 10447618 (base 9) in base 7?
60634664
What is 13302000121 (base 4) in base 16?
1f2019
What is -198763 (base 11) in base 9?
-513474
201212220112 (base 3) to base 15
7ae8b
What is -524661 (base 8) in base 6?
-3423533
351842 (base 11) to base 7
4514605
122101211 (base 4) to base 8
322145
-2025253 (base 6) to base 9
-157156
-3663fc (base 16) to base 10
-3564540
Convert 201111210012111 (base 3) to base 16.
9e36cb
What is 2941665 (base 12) in base 16?
7e9a6d
Convert 5515138 (base 10) to base 11.
3127672
102221210011212 (base 3) to base 6
344101422
What is -6715142 (base 10) in base 14?
-c6b2d0
Convert 3523884 (base 9) to base 12.
77a941
692397 (base 12) to base 11
a4aa23
Convert -1010011010000001101011 (base 2) to base 3.
-12010121011122
What is 100010011100101000101 (base 2) in base 3?
2010100101102
3c6cca (base 13) to base 15
1e1227
What is -1313300130 (base 5) in base 16?
-31bc17
21786 (base 9) to base 11
a989
Convert 4340000341 (base 5) to base 16.
8ddc4b
What is -1102112120100 (base 3) in base 4?
-2321030232
-41448 (base 11) to base 8
-166017
Convert 223131101 (base 4) to base 5.
21144001
-1cb9d0 (base 14) to base 11
-644624
What is 2721006 (base 13) in base 16?
bbddba
Convert -2658b (base 14) to base 13.
-33c76
1ccbb1a (base 13) to base 6
542505014
Wha